 1162 and 56.
14
Calculate the greatest common factor of 32505 and 165.
165
Calculate the highest common factor of 36203 and 123.
41
What is the highest common divisor of 352 and 7904?
32
What is the highest common factor of 120 and 3840?
120
Calculate the greatest common divisor of 273 and 91.
91
Calculate the greatest common factor of 480 and 744.
24
What is the highest common divisor of 9 and 225?
9
What is the greatest common factor of 76 and 8?
4
Calculate the highest common divisor of 1820 and 112.
28
What is the greatest common divisor of 240 and 140?
20
Calculate the greatest common divisor of 396 and 7092.
36
Calculate the highest common factor of 315 and 70.
35
Calculate the greatest common divisor of 378 and 2100.
42
Calculate the highest common factor of 17 and 4131.
17
What is the greatest common factor of 144 and 176?
16
What is the highest common divisor of 115 and 851?
23
Calculate the greatest common divisor of 5620 and 80.
20
Calculate the greatest common divisor of 348 and 27318.
174
Calculate the highest common factor of 196 and 3283.
49
What is the greatest common factor of 562 and 5339?
281
What is the highest common divisor of 289 and 1037?
17
Calculate the highest common divisor of 110 and 5770.
10
Calculate the highest common factor of 210 and 1323.
21
Calculate the greatest common factor of 5994 and 1296.
162
What is the highest common factor of 2040 and 200?
40
What is the greatest common divisor of 1288 and 1380?
92
What is the greatest common divisor of 5715 and 90?
45
What is the greatest common factor of 416 and 200?
8
Calculate the highest common factor of 91 and 217.
7
Calculate the greatest common factor of 749 and 7.
7
Calculate the highest common factor of 176 and 224.
16
Calculate the highest common factor of 23493 and 246.
123
Calculate the greatest common divisor of 1281 and 147.
21
Calculate the greatest common factor of 56 and 6356.
28
Calculate the greatest common divisor of 394 and 70526.
394
Calculate the highest common factor of 210 and 525.
105
What is the highest common factor of 24 and 5052?
12
What is the highest common factor of 150 and 15?
15
Calculate the highest common divisor of 45 and 243.
9
What is the greatest common divisor of 4663 and 1?
1
Calculate the highest common factor of 10010 and 273.
91
What is the highest common factor of 58 and 522?
58
What is the greatest common divisor of 284 and 213?
71
Calculate the greatest common divisor of 2 and 566.
2
What is the greatest common factor of 180 and 50?
10
Calculate the greatest common factor of 340 and 38420.
340
What is the highest common factor of 192 and 1088?
64
Calculate the highest common divisor of 799 and 47.
47
Calculate the greatest common divisor of 1440 and 64.
32
What is the highest common divisor of 975 and 150?
75
What is the highest common divisor of 5984 and 187?
187
Calculate the greatest common divisor of 208 and 312.
104
Calculate the highest common divisor of 3 and 114.
3
What is the highest common factor of 672 and 72?
24
What is the highest common divisor of 200 and 8?
8
What is the highest common divisor of 1210 and 2783?
121
What is the greatest common factor of 22 and 187?
11
What is the greatest common factor of 678 and 24?
6
What is the greatest common factor of 39 and 1911?
39
What is the greatest common factor of 141 and 3149?
47
Calculate the greatest common divisor of 22794 and 174.
174
Calculate the greatest common factor of 168 and 14.
14
Calculate the highest common factor of 14061 and 129.
129
Calculate the greatest common divisor of 1881 and 99.
99
What is the greatest common divisor of 55 and 33?
11
What is the highest common divisor of 126 and 2034?
18
Calculate the greatest common factor of 82 and 25.
1
Calculate the highest common factor of 12 and 309.
3
Calculate the highest common factor of 7 and 1631.
7
Calculate the highest common factor of 76 and 342.
38
What is the highest common factor of 270 and 6?
6
Calculate the greatest common factor of 2000 and 16.
16
What is the greatest common divisor of 132 and 20?
4
What is the greatest common factor of 5364 and 36?
36
Calculate the greatest common factor of 5014 and 46.
46
Calculate the greatest common factor of 582 and 18.
6
What is the greatest common divisor of 5439 and 111?
111
What is the highest common factor of 1155 and 1309?
77
Calculate the greatest common factor of 609 and 84.
21
Calculate the highest common divisor of 430 and 1978.
86
Calculate the highest common factor of 7 and 154.
7
What is the highest common divisor of 250 and 102?
2
What is the greatest common divisor of 324 and 81?
81
What is the highest common divisor of 9 and 171?
9
What is the greatest common divisor of 9 and 19683?
9
Calculate the highest common factor of 62 and 1643.
31
What is the greatest common divisor of 190 and 30?
10
Calculate the greatest common factor of 8019 and 99.
99
What is the highest common divisor of 10 and 1025?
5
What is the highest common factor of 506 and 6?
2
Calculate the greatest common divisor of 192 and 192.
192
What is the greatest common divisor of 144 and 64?
16
What is the highest common factor of 36 and 279?
9
Calculate the highest common factor of 104 and 26.
26
Calculate the highest common factor of 182 and 35.
7
Calculate the highest common divisor of 9 and 12744.
9
What is the greatest common factor of 3861 and 2079?
297
Calculate the greatest common divisor of 100 and 325.
25
Calculate the greatest common divisor of 3020 and 453.
151
Calculate the greatest common divisor of 37 and 592.
37
What is the greatest common factor of 670 and 1206?
134
What is the greatest common factor of 1750 and 630?
70
What is the highest common factor of 36 and 162?
18
What is the highest common factor of 36 and 243?
9
What is the highest common factor of 166 and 249?
83
What is the highest common divisor of 88 and 253?
11
Calculate the highest common factor of 2325 and 525.
75
What is the highest common divisor of 376 and 8?
8
What is the greatest common divisor of 637 and 533?
13
What is the greatest common divisor of 95 and 513?
19
Calculate the highest common divisor of 95 and 285.
95
Calculate the greatest common divisor of 819 and 1547.
91
What is the greatest common factor of 890 and 20?
10
Calculate the highest common factor of 616 and 385.
77
Calculate the greatest common factor of 3956 and 1564.
92
What is the highest common divisor of 69 and 6072?
69
What is the highest common factor of 1755 and 104?
13
What is the greatest common divisor of 51 and 374?
17
Calculate the greatest common divisor of 286 and 117.
13
Calculate the highest common factor of 32 and 6896.
16
Calculate the greatest common divisor of 454 and 5675.
227
Calculate the greatest common divisor of 60 and 30.
30
Calculate the highest common divisor of 1677 and 52.
13
Calculate the greatest common factor of 391 and 34.
17
What is the highest common divisor of 1785 and 42?
21
Calculate the highest common factor of 10 and 1990.
10
Calculate the highest common divisor of 525 and 225.
75
What is the highest common factor of 10170 and 36?
18
What is the greatest common divisor of 545 and 5?
5
What is the highest common factor of 15 and 510?
15
What is the highest common factor of 7 and 55643?
7
Calculate the greatest common divisor of 4263 and 87.
87
What is the greatest common factor of 6 and 498?
6
What is the greatest common factor of 507 and 351?
39
Calculate the greatest common divisor of 72 and 450.
18
What is the highest common divisor of 9 and 9?
9
Calculate the highest common divisor of 90 and 12438.
18
Calculate the highest common factor of 27 and 27.
27
Calculate the greatest common divisor of 4 and 20.
4
Calculate the greatest common divisor of 2 and 546.
2
Calculate the highest common divisor of 1111 and 707.
101
Calculate the highest common divisor of 5567 and 19.
19
Calculate the greatest common divisor of 27 and 117.
9
What is the highest common divisor of 9608 and 48?
8
What is the greatest common factor of 15162 and 63?
21
Calculate the highest common divisor of 1239 and 21.
21
What is the greatest common factor of 2328 and 2?
2
Calculate the highest common factor of 784 and 147.
49
Calculate the greatest common divisor of 360 and 88.
8
What is the gr